{"id":48407,"date":"2022-02-07T12:18:40","date_gmt":"2022-02-07T12:18:40","guid":{"rendered":"https:\/\/www.dmfv.aero\/?page_id=48407"},"modified":"2026-02-25T09:14:12","modified_gmt":"2026-02-25T09:14:12","slug":"botschafter-des-modellflugs","status":"publish","type":"page","link":"https:\/\/www.dmfv.aero\/botschafter-des-modellflugs\/","title":{"rendered":"Botschafter des Modellflugs"},"content":{"rendered":"<div class=\"wpb-content-wrapper\" id=\"wpb-content-root\"><p>[vc_row][vc_column][vc_column_text]<\/p>\n<h2>Lotsen f\u00fcr die Jugend \u2013 Multiplikatoren f\u00fcr den Sport<\/h2>\n<p>[\/vc_column_text][\/vc_column][\/vc_row][vc_row][vc_column][vc_column_text css=&#8220;&#8220;]Modellflug bringt Generationen zusammen, kennt weder wirtschaftliche noch religi\u00f6se oder kulturelle Grenzen und f\u00f6rdert und fordert vor allem junge Menschen in ihren intellektuellen, technischen und sozialen Kompetenzen. Unsere jugendlichen Mitglieder gelten als Pool f\u00fcr Studieng\u00e4nge und Berufe in der Luft- und Raumfahrt.<\/p>\n<p>Das Hinf\u00fchren der Jugendlichen zu eigenverantwortlichem und verbindlichem Denken und Handeln innerhalb und au\u00dferhalb unserer Organisation ist f\u00fcr unseren Verband Anspruch und Herzensangelegenheit zugleich. Vorbilder aus Wissenschaft, Medien und Sport vermitteln hierzu die erforderliche Inspiration und geben Leitplanken.<\/p>\n<p>Aus diesem Grund benennt der DMFV Botschafterinnen und Botschafter, die mit ihrem Namen und durch ihr Verhalten in besonderem Ma\u00dfe f\u00fcr ein gesellschaftliches Engagement einstehen und unsere jugendlichen Mitglieder ermutigen, sich privaten und beruflichen Herausforderungen zu stellen.<\/p>\n<p>Unsere BotschafterInnen tragen den Modellflug in die Mitte der Gesellschaft und verleihen unserem wunderbaren Hobby, unserem faszinierenden Sport die Bedeutung, die er verdient.[\/vc_column_text][\/vc_column][\/vc_row][vc_row][vc_column][vc_column_text css=&#8220;.vc_custom_1644919097040{margin-bottom: 0px !important;}&#8220;]<\/p>\n<h2>Unsere Botschafter<\/h2>\n<p>[\/vc_column_text][\/vc_column][\/vc_row][vc_row el_class=&#8220;hoverbox_row_dmfv&#8220;][vc_column width=&#8220;1\/2&#8243; offset=&#8220;vc_hidden-md vc_hidden-sm vc_hidden-xs&#8220;][vc_raw_html css=&#8220;&#8220;]JTNDaDUlMjBzdHlsZSUzRCUyMiUyMiUzRSUzQ3NwYW4lMjBzdHlsZSUzRCUyMiUyMiUzRTIwMjMtMjAyNSUzQyUyRnNwYW4lM0UlM0MlMkZoNSUzRQ==[\/vc_raw_html][mvc_ihe border_width=&#8220;0&#8243; hover_effect=&#8220;square effect9 right_to_left&#8220; image_id=&#8220;103664&#8243; alt=&#8220;Gernot Bruckmann&#8220; height=&#8220;350&#8243; caption_bg=&#8220;#0099cc&#8220; caption_url=&#8220;url:https%3A%2F%2Fwww.dmfv.aero%2Fallgemein%2Fgernot-bruckmann-ist-botschafter-des-modellflugs-2022-2023%2F|title:Weiterlesen%20&#8230;|target:_blank&#8220;]<\/p>\n<h3>Gernot Bruckmann<\/h3>\n<p>Welt- und Europameister im Modellflug<\/p>\n<p><span lang=\"DE\">&#8222;Seit meinem sechsten Lebensjahr betreibe ich nun Modellflug. Da meine Eltern selbst aktive Piloten sind, bin ich regelrecht am Modellflugplatz aufgewachsen und wollte diesen Sport auch immer selbst erlernen. Bis heute habe ich an \u00fcber 240 <\/span><span lang=\"DE\">Wettbewerben teilgenommen. Fliegen fasziniert mich nach wie vor wie am ersten Tag und ich habe das Hobby 2011 zum Beruf gemacht. <\/span><span lang=\"DE\">Seitdem lebe ich meine Leidenschaft \u2013 24 Stunden am Tag, sieben Tage die Woche.&#8220;<\/span><\/p>\n<p><strong>Weiterlesen &#8230;<\/strong><\/p>\n<p>&nbsp;<\/p>\n<p>&nbsp;<\/p>\n<p>[\/mvc_ihe][\/vc_column][vc_column width=&#8220;1\/2&#8243; offset=&#8220;vc_hidden-md vc_hidden-sm vc_hidden-xs&#8220;][vc_raw_html css=&#8220;&#8220;]JTNDaDUlMjBzdHlsZSUzRCUyMiUyMiUzRSUzQ3NwYW4lMjBzdHlsZSUzRCUyMiUyMiUzRTIwMjAtMjAyMiUzQyUyRnNwYW4lM0UlM0MlMkZoNSUzRQ==[\/vc_raw_html][mvc_ihe border_width=&#8220;0&#8243; hover_effect=&#8220;square effect9 left_to_right&#8220; image_id=&#8220;48842&#8243; alt=&#8220;Matthias Dolderer&#8220; height=&#8220;350&#8243; caption_bg=&#8220;#0099cc&#8220; caption_url=&#8220;url:https%3A%2F%2Fwww.dmfv.aero%2Fallgemein%2Fim-gespraech-mit-red-bull-air-race-pilot-matthias-dolderer%2F|title:Weiterlesen%20&#8230;|target:_blank&#8220;]<\/p>\n<h3>Matthias Dolderer<\/h3>\n<p>Kunstflugweltmeister<\/p>\n<p>\u201cDer Modellflug hat mein Leben entscheidend beeinflusst und mir fantastische Chancen er\u00f6ffnet. Jungen Menschen das Hobby Modellflug nahe zu bringen ist eine M\u00f6glichkeit, etwas zur\u00fcck zu geben. Vor allem Jugendliche, denen im Leben nichts geschenkt wird, k\u00f6nnen von der Modellfliegerei profitieren: pers\u00f6nlich und mit Blick auf eine sp\u00e4tere Berufslaufbahn.\u201d<\/p>\n<p><strong>Weiterlesen &#8230;<\/strong><\/p>\n<p>[\/mvc_ihe][\/vc_column][\/vc_row][vc_row gap=&#8220;30&#8243; equal_height=&#8220;yes&#8220;][vc_column width=&#8220;1\/2&#8243; el_class=&#8220;text-light&#8220; css=&#8220;.vc_custom_1655190535263{margin-top: 30px !important;padding-top: 10px !important;padding-bottom: 10px !important;background-color: #0099cc !important;}&#8220; offset=&#8220;vc_hidden-lg&#8220;][vc_single_image image=&#8220;103664&#8243; img_size=&#8220;full&#8220;][vc_column_text]<\/p>\n<h3>Gernot Bruckmann<\/h3>\n<p>Welt- und Europameister im Modellflug<\/p>\n<p><span lang=\"DE\">&#8222;Seit meinem sechsten Lebensjahr betreibe ich nun Modellflug. Da meine Eltern selbst aktive Piloten sind, bin ich regelrecht am Modellflugplatz aufgewachsen und wollte diesen Sport auch immer selbst erlernen. Bis heute habe ich an \u00fcber 240 <\/span><span lang=\"DE\">Wettbewerben teilgenommen. Fliegen fasziniert mich nach wie vor wie am ersten Tag und ich habe das Hobby 2011 zum Beruf gemacht. <\/span><span lang=\"DE\">Seitdem lebe ich meine Leidenschaft \u2013 24 Stunden am Tag, sieben Tage die Woche.&#8220;<\/span>[\/vc_column_text][vc_row_inner][vc_column_inner][vc_raw_html css=&#8220;.vc_custom_1655198156895{margin-bottom: 0px !important;}&#8220;]JTNDYSUyMGNsYXNzJTNEJTIyYnRuJTIwYnRuLXNtYWxsJTIyJTIwaHJlZiUzRCUyMiUyRmFsbGdlbWVpbiUyRmdlcm5vdC1icnVja21hbm4taXN0LWJvdHNjaGFmdGVyLWRlcy1tb2RlbGxmbHVncy0yMDIyLTIwMjMlMkYlMjIlMjB0YXJnZXQlM0QlMjJfYmxhbmslMjIlM0VXZWl0ZXJsZXNlbiUyMC4uLiUzQyUyRmElM0U=[\/vc_raw_html][\/vc_column_inner][\/vc_row_inner][\/vc_column][vc_column width=&#8220;1\/2&#8243; offset=&#8220;vc_hidden-lg&#8220; css=&#8220;.vc_custom_1644926721102{margin-top: 30px !important;padding-top: 10px !important;padding-bottom: 10px !important;background-color: #0099cc !important;}&#8220; el_class=&#8220;text-light&#8220;][vc_single_image image=&#8220;48862&#8243; img_size=&#8220;full&#8220;][vc_column_text css=&#8220;.vc_custom_1644926953421{margin-bottom: 15px !important;}&#8220;]<\/p>\n<h3>Matthias Dolderer<\/h3>\n<p>Kunstflugweltmeister<\/p>\n<p>\u201cDer Modellflug hat mein Leben entscheidend beeinflusst und mir fantastische Chancen er\u00f6ffnet. Jungen Menschen das Hobby Modellflug nahe zu bringen ist eine M\u00f6glichkeit, etwas zur\u00fcck zu geben. Vor allem Jugendliche, denen im Leben nichts geschenkt wird, k\u00f6nnen von der Modellfliegerei profitieren: pers\u00f6nlich und mit Blick auf eine sp\u00e4tere Berufslaufbahn.\u201d[\/vc_column_text][vc_raw_html css=&#8220;.vc_custom_1644926907939{margin-bottom: 0px !important;}&#8220;]JTNDYSUyMGNsYXNzJTNEJTIyYnRuJTIwYnRuLXNtYWxsJTIyJTIwaHJlZiUzRCUyMiUyRmFsbGdlbWVpbiUyRmltLWdlc3ByYWVjaC1taXQtcmVkLWJ1bGwtYWlyLXJhY2UtcGlsb3QtbWF0dGhpYXMtZG9sZGVyZXIlMkYlMjIlMjB0YXJnZXQlM0QlMjJfYmxhbmslMjIlM0VXZWl0ZXJsZXNlbiUyMC4uLiUzQyUyRmElM0U=[\/vc_raw_html][\/vc_column][\/vc_row][vc_row][vc_column][vc_empty_space height=&#8220;30px&#8220;][\/vc_column][\/vc_row][vc_row][vc_column width=&#8220;2\/3&#8243;][vc_raw_html]JTVCY2F0bGlzdCUyMGlkJTNEOTE2NSUyMHRlbXBsYXRlJTNEbmV3cy1saXN0LXRlbXBsYXRlJTIwcGFnaW5hdGlvbiUzRHllcyUyMG51bWJlcnBvc3RzJTNENSUyMHBhZ2luYXRpb25fYm9va21hcmtzJTNEeWVzJTIwaW5zdGFuY2UlM0QxJTIwY2F0bGluayUzRHllcyUyMGNhdGxpbmtfY2xhc3MlM0QlMjJjYXRlZ29yeS10YWclMjIlMjBjYXRsaW5rX3RhZyUzRGg1JTIwdGh1bWJuYWlsJTNEeWVzJTIwZGF0ZSUzRHllcyUyMGRhdGVfdGFnJTNEc3BhbiUyMGRhdGVfY2xhc3MlM0QlMjJsY3BfZGF0ZSUyMiUyMGV4Y2VycHQlM0R5ZXMlMjBhdXRob3IlM0R5ZXMlMjBhdXRob3JfdGFnJTNEc3BhbiUyMGF1dGhvcl9jbGFzcyUzRCUyMmxjcF9hdXRob3IlMjIlNUQ=[\/vc_raw_html][\/vc_column][vc_column width=&#8220;1\/3&#8243;][vc_raw_html]JTVCY2F0bGlzdCUyMHBvc3RfdHlwZSUzRGRtZnZfdGVybWluZSUyMHRheG9ub215JTNEZG1mdl90ZXJtaW5lX2NhdGVnb3JpZXMlMjB0ZXJtcyUzRCUyMmFsbGdlbWVpbiUyMiUyMGNhdGxpbmslM0R5ZXMlMjBjYXRsaW5rX2NsYXNzJTNEJTIyY2F0ZWdvcnktdGFnJTIyJTIwY2F0bGlua190YWclM0RzcGFuJTIwdGh1bWJuYWlsJTNEeWVzJTIwZGF0ZSUzRHllcyUyMGRhdGVfdGFnJTNEc3BhbiUyMGRhdGVfY2xhc3MlM0QlMjJteS1kYXRlJTIyJTIwJTIwZXhjZXJwdCUzRHllcyUyMGF1dGhvciUzRHllcyUyMGF1dGhvcl90YWclM0RzcGFuJTIwYXV0aG9yX2NsYXNzJTNEJTIyYXV0aG9yJTIyJTIwdGVtcGxhdGUlM0RkYXRlLWxpc3QtdGVtcGxhdGUlMjBjdXN0b21maWVsZF9kaXNwbGF5JTNEJTIyVGVybWluJTJGRGF0dW0lMjIlMjBjdXN0b21maWVsZF9vcmRlcmJ5JTNEJTIyYW5mYW5nc2RhdHVtJTIyJTIwb3JkZXIlM0Rhc2MlMjAlMjBjdXN0b21maWVsZF9kaXNwbGF5X25hbWUlM0QlMjJubyUyMiU1RA==[\/vc_raw_html][\/vc_column][\/vc_row]<\/p>\n<\/div>","protected":false},"excerpt":{"rendered":"<p>[vc_row][vc_column][vc_column_text] Lotsen f\u00fcr die Jugend \u2013 Multiplikatoren f\u00fcr den Sport [\/vc_column_text][\/vc_column][\/vc_row][vc_row][vc_column][vc_column_text css=&#8220;&#8220;]Modellflug bringt Generationen zusammen, kennt weder wirtschaftliche noch religi\u00f6se oder kulturelle Grenzen und f\u00f6rdert und fordert vor allem junge Menschen in ihren intellektuellen, technischen und sozialen Kompetenzen. Unsere jugendlichen Mitglieder gelten als Pool f\u00fcr Studieng\u00e4nge und Berufe in der Luft- und Raumfahrt. Das Hinf\u00fchren [&hellip;]<\/p>\n","protected":false},"author":112,"featured_media":103679,"parent":0,"menu_order":0,"comment_status":"closed","ping_status":"closed","template":"","meta":{"_acf_changed":false,"footnotes":""},"class_list":["post-48407","page","type-page","status-publish","has-post-thumbnail","hentry"],"acf":[],"publishpress_future_workflow_manual_trigger":{"enabledWorkflows":[]},"_links":{"self":[{"href":"https:\/\/www.dmfv.aero\/wp-json\/wp\/v2\/pages\/48407","targetHints":{"allow":["GET"]}}],"collection":[{"href":"https:\/\/www.dmfv.aero\/wp-json\/wp\/v2\/pages"}],"about":[{"href":"https:\/\/www.dmfv.aero\/wp-json\/wp\/v2\/types\/page"}],"author":[{"embeddable":true,"href":"https:\/\/www.dmfv.aero\/wp-json\/wp\/v2\/users\/112"}],"replies":[{"embeddable":true,"href":"https:\/\/www.dmfv.aero\/wp-json\/wp\/v2\/comments?post=48407"}],"version-history":[{"count":42,"href":"https:\/\/www.dmfv.aero\/wp-json\/wp\/v2\/pages\/48407\/revisions"}],"predecessor-version":[{"id":142067,"href":"https:\/\/www.dmfv.aero\/wp-json\/wp\/v2\/pages\/48407\/revisions\/142067"}],"wp:featuredmedia":[{"embeddable":true,"href":"https:\/\/www.dmfv.aero\/wp-json\/wp\/v2\/media\/103679"}],"wp:attachment":[{"href":"https:\/\/www.dmfv.aero\/wp-json\/wp\/v2\/media?parent=48407"}],"curies":[{"name":"wp","href":"https:\/\/api.w.org\/{rel}","templated":true}]}}

<div class="wpb-content-wrapper" id="wpb-content-root"><p>[vc_row][vc_column][vc_column_text]</p>
<h2>Lotsen für die Jugend – Multiplikatoren für den Sport</h2>
<p>[/vc_column_text][/vc_column][/vc_row][vc_row][vc_column][vc_column_text css=&#8220;&#8220;]Modellflug bringt Generationen zusammen, kennt weder wirtschaftliche noch religiöse oder kulturelle Grenzen und fördert und fordert vor allem junge Menschen in ihren intellektuellen, technischen und sozialen Kompetenzen. Unsere jugendlichen Mitglieder gelten als Pool für Studiengänge und Berufe in der Luft- und Raumfahrt.</p>
<p>Das Hinführen der Jugendlichen zu eigenverantwortlichem und verbindlichem Denken und Handeln innerhalb und außerhalb unserer Organisation ist für unseren Verband Anspruch und Herzensangelegenheit zugleich. Vorbilder aus Wissenschaft, Medien und Sport vermitteln hierzu die erforderliche Inspiration und geben Leitplanken.</p>
<p>Aus diesem Grund benennt der DMFV Botschafterinnen und Botschafter, die mit ihrem Namen und durch ihr Verhalten in besonderem Maße für ein gesellschaftliches Engagement einstehen und unsere jugendlichen Mitglieder ermutigen, sich privaten und beruflichen Herausforderungen zu stellen.</p>
<p>Unsere BotschafterInnen tragen den Modellflug in die Mitte der Gesellschaft und verleihen unserem wunderbaren Hobby, unserem faszinierenden Sport die Bedeutung, die er verdient.[/vc_column_text][/vc_column][/vc_row][vc_row][vc_column][vc_column_text css=&#8220;.vc_custom_1644919097040{margin-bottom: 0px !important;}&#8220;]</p>
<h2>Unsere Botschafter</h2>
<p>[/vc_column_text][/vc_column][/vc_row][vc_row el_class=&#8220;hoverbox_row_dmfv&#8220;][vc_column width=&#8220;1/2&#8243; offset=&#8220;vc_hidden-md vc_hidden-sm vc_hidden-xs&#8220;][vc_raw_html css=&#8220;&#8220;]JTNDaDUlMjBzdHlsZSUzRCUyMiUyMiUzRSUzQ3NwYW4lMjBzdHlsZSUzRCUyMiUyMiUzRTIwMjMtMjAyNSUzQyUyRnNwYW4lM0UlM0MlMkZoNSUzRQ==[/vc_raw_html][mvc_ihe border_width=&#8220;0&#8243; hover_effect=&#8220;square effect9 right_to_left&#8220; image_id=&#8220;103664&#8243; alt=&#8220;Gernot Bruckmann&#8220; height=&#8220;350&#8243; caption_bg=&#8220;#0099cc&#8220; caption_url=&#8220;url:https%3A%2F%2Fwww.dmfv.aero%2Fallgemein%2Fgernot-bruckmann-ist-botschafter-des-modellflugs-2022-2023%2F|title:Weiterlesen%20&#8230;|target:_blank&#8220;]</p>
<h3>Gernot Bruckmann</h3>
<p>Welt- und Europameister im Modellflug</p>
<p><span lang="DE">&#8222;Seit meinem sechsten Lebensjahr betreibe ich nun Modellflug. Da meine Eltern selbst aktive Piloten sind, bin ich regelrecht am Modellflugplatz aufgewachsen und wollte diesen Sport auch immer selbst erlernen. Bis heute habe ich an über 240 </span><span lang="DE">Wettbewerben teilgenommen. Fliegen fasziniert mich nach wie vor wie am ersten Tag und ich habe das Hobby 2011 zum Beruf gemacht. </span><span lang="DE">Seitdem lebe ich meine Leidenschaft – 24 Stunden am Tag, sieben Tage die Woche.&#8220;</span></p>
<p><strong>Weiterlesen &#8230;</strong></p>
<p>&nbsp;</p>
<p>&nbsp;</p>
<p>[/mvc_ihe][/vc_column][vc_column width=&#8220;1/2&#8243; offset=&#8220;vc_hidden-md vc_hidden-sm vc_hidden-xs&#8220;][vc_raw_html css=&#8220;&#8220;]JTNDaDUlMjBzdHlsZSUzRCUyMiUyMiUzRSUzQ3NwYW4lMjBzdHlsZSUzRCUyMiUyMiUzRTIwMjAtMjAyMiUzQyUyRnNwYW4lM0UlM0MlMkZoNSUzRQ==[/vc_raw_html][mvc_ihe border_width=&#8220;0&#8243; hover_effect=&#8220;square effect9 left_to_right&#8220; image_id=&#8220;48842&#8243; alt=&#8220;Matthias Dolderer&#8220; height=&#8220;350&#8243; caption_bg=&#8220;#0099cc&#8220; caption_url=&#8220;url:https%3A%2F%2Fwww.dmfv.aero%2Fallgemein%2Fim-gespraech-mit-red-bull-air-race-pilot-matthias-dolderer%2F|title:Weiterlesen%20&#8230;|target:_blank&#8220;]</p>
<h3>Matthias Dolderer</h3>
<p>Kunstflugweltmeister</p>
<p>“Der Modellflug hat mein Leben entscheidend beeinflusst und mir fantastische Chancen eröffnet. Jungen Menschen das Hobby Modellflug nahe zu bringen ist eine Möglichkeit, etwas zurück zu geben. Vor allem Jugendliche, denen im Leben nichts geschenkt wird, können von der Modellfliegerei profitieren: persönlich und mit Blick auf eine spätere Berufslaufbahn.”</p>
<p><strong>Weiterlesen &#8230;</strong></p>
<p>[/mvc_ihe][/vc_column][/vc_row][vc_row gap=&#8220;30&#8243; equal_height=&#8220;yes&#8220;][vc_column width=&#8220;1/2&#8243; el_class=&#8220;text-light&#8220; css=&#8220;.vc_custom_1655190535263{margin-top: 30px !important;padding-top: 10px !important;padding-bottom: 10px !important;background-color: #0099cc !important;}&#8220; offset=&#8220;vc_hidden-lg&#8220;][vc_single_image image=&#8220;103664&#8243; img_size=&#8220;full&#8220;][vc_column_text]</p>
<h3>Gernot Bruckmann</h3>
<p>Welt- und Europameister im Modellflug</p>
<p><span lang="DE">&#8222;Seit meinem sechsten Lebensjahr betreibe ich nun Modellflug. Da meine Eltern selbst aktive Piloten sind, bin ich regelrecht am Modellflugplatz aufgewachsen und wollte diesen Sport auch immer selbst erlernen. Bis heute habe ich an über 240 </span><span lang="DE">Wettbewerben teilgenommen. Fliegen fasziniert mich nach wie vor wie am ersten Tag und ich habe das Hobby 2011 zum Beruf gemacht. </span><span lang="DE">Seitdem lebe ich meine Leidenschaft – 24 Stunden am Tag, sieben Tage die Woche.&#8220;</span>[/vc_column_text][vc_row_inner][vc_column_inner][vc_raw_html css=&#8220;.vc_custom_1655198156895{margin-bottom: 0px !important;}&#8220;]JTNDYSUyMGNsYXNzJTNEJTIyYnRuJTIwYnRuLXNtYWxsJTIyJTIwaHJlZiUzRCUyMiUyRmFsbGdlbWVpbiUyRmdlcm5vdC1icnVja21hbm4taXN0LWJvdHNjaGFmdGVyLWRlcy1tb2RlbGxmbHVncy0yMDIyLTIwMjMlMkYlMjIlMjB0YXJnZXQlM0QlMjJfYmxhbmslMjIlM0VXZWl0ZXJsZXNlbiUyMC4uLiUzQyUyRmElM0U=[/vc_raw_html][/vc_column_inner][/vc_row_inner][/vc_column][vc_column width=&#8220;1/2&#8243; offset=&#8220;vc_hidden-lg&#8220; css=&#8220;.vc_custom_1644926721102{margin-top: 30px !important;padding-top: 10px !important;padding-bottom: 10px !important;background-color: #0099cc !important;}&#8220; el_class=&#8220;text-light&#8220;][vc_single_image image=&#8220;48862&#8243; img_size=&#8220;full&#8220;][vc_column_text css=&#8220;.vc_custom_1644926953421{margin-bottom: 15px !important;}&#8220;]</p>
<h3>Matthias Dolderer</h3>
<p>Kunstflugweltmeister</p>
<p>“Der Modellflug hat mein Leben entscheidend beeinflusst und mir fantastische Chancen eröffnet. Jungen Menschen das Hobby Modellflug nahe zu bringen ist eine Möglichkeit, etwas zurück zu geben. Vor allem Jugendliche, denen im Leben nichts geschenkt wird, können von der Modellfliegerei profitieren: persönlich und mit Blick auf eine spätere Berufslaufbahn.”[/vc_column_text][vc_raw_html css=&#8220;.vc_custom_1644926907939{margin-bottom: 0px !important;}&#8220;]JTNDYSUyMGNsYXNzJTNEJTIyYnRuJTIwYnRuLXNtYWxsJTIyJTIwaHJlZiUzRCUyMiUyRmFsbGdlbWVpbiUyRmltLWdlc3ByYWVjaC1taXQtcmVkLWJ1bGwtYWlyLXJhY2UtcGlsb3QtbWF0dGhpYXMtZG9sZGVyZXIlMkYlMjIlMjB0YXJnZXQlM0QlMjJfYmxhbmslMjIlM0VXZWl0ZXJsZXNlbiUyMC4uLiUzQyUyRmElM0U=[/vc_raw_html][/vc_column][/vc_row][vc_row][vc_column][vc_empty_space height=&#8220;30px&#8220;][/vc_column][/vc_row][vc_row][vc_column width=&#8220;2/3&#8243;][vc_raw_html]JTVCY2F0bGlzdCUyMGlkJTNEOTE2NSUyMHRlbXBsYXRlJTNEbmV3cy1saXN0LXRlbXBsYXRlJTIwcGFnaW5hdGlvbiUzRHllcyUyMG51bWJlcnBvc3RzJTNENSUyMHBhZ2luYXRpb25fYm9va21hcmtzJTNEeWVzJTIwaW5zdGFuY2UlM0QxJTIwY2F0bGluayUzRHllcyUyMGNhdGxpbmtfY2xhc3MlM0QlMjJjYXRlZ29yeS10YWclMjIlMjBjYXRsaW5rX3RhZyUzRGg1JTIwdGh1bWJuYWlsJTNEeWVzJTIwZGF0ZSUzRHllcyUyMGRhdGVfdGFnJTNEc3BhbiUyMGRhdGVfY2xhc3MlM0QlMjJsY3BfZGF0ZSUyMiUyMGV4Y2VycHQlM0R5ZXMlMjBhdXRob3IlM0R5ZXMlMjBhdXRob3JfdGFnJTNEc3BhbiUyMGF1dGhvcl9jbGFzcyUzRCUyMmxjcF9hdXRob3IlMjIlNUQ=[/vc_raw_html][/vc_column][vc_column width=&#8220;1/3&#8243;][vc_raw_html]JTVCY2F0bGlzdCUyMHBvc3RfdHlwZSUzRGRtZnZfdGVybWluZSUyMHRheG9ub215JTNEZG1mdl90ZXJtaW5lX2NhdGVnb3JpZXMlMjB0ZXJtcyUzRCUyMmFsbGdlbWVpbiUyMiUyMGNhdGxpbmslM0R5ZXMlMjBjYXRsaW5rX2NsYXNzJTNEJTIyY2F0ZWdvcnktdGFnJTIyJTIwY2F0bGlua190YWclM0RzcGFuJTIwdGh1bWJuYWlsJTNEeWVzJTIwZGF0ZSUzRHllcyUyMGRhdGVfdGFnJTNEc3BhbiUyMGRhdGVfY2xhc3MlM0QlMjJteS1kYXRlJTIyJTIwJTIwZXhjZXJwdCUzRHllcyUyMGF1dGhvciUzRHllcyUyMGF1dGhvcl90YWclM0RzcGFuJTIwYXV0aG9yX2NsYXNzJTNEJTIyYXV0aG9yJTIyJTIwdGVtcGxhdGUlM0RkYXRlLWxpc3QtdGVtcGxhdGUlMjBjdXN0b21maWVsZF9kaXNwbGF5JTNEJTIyVGVybWluJTJGRGF0dW0lMjIlMjBjdXN0b21maWVsZF9vcmRlcmJ5JTNEJTIyYW5mYW5nc2RhdHVtJTIyJTIwb3JkZXIlM0Rhc2MlMjAlMjBjdXN0b21maWVsZF9kaXNwbGF5X25hbWUlM0QlMjJubyUyMiU1RA==[/vc_raw_html][/vc_column][/vc_row]</p>
</div>

<p>[vc_row][vc_column][vc_column_text] Lotsen für die Jugend – Multiplikatoren für den Sport [/vc_column_text][/vc_column][/vc_row][vc_row][vc_column][vc_column_text css=&#8220;&#8220;]Modellflug bringt Generationen zusammen, kennt weder wirtschaftliche noch religiöse oder kulturelle Grenzen und fördert und fordert vor allem junge Menschen in ihren intellektuellen, technischen und sozialen Kompetenzen. Unsere jugendlichen Mitglieder gelten als Pool für Studiengänge und Berufe in der Luft- und Raumfahrt. Das Hinführen [&hellip;]</p>
