{"id":2,"date":"2020-08-06T20:13:42","date_gmt":"2020-08-06T23:13:42","guid":{"rendered":"https:\/\/clientes.diegomp.com\/chilepunk\/?page_id=2"},"modified":"2021-10-20T15:52:08","modified_gmt":"2021-10-20T18:52:08","slug":"quienes-somos","status":"publish","type":"page","link":"https:\/\/chilepunk.cl\/quienes-somos\/","title":{"rendered":"Qui\u00e9nes somos"},"content":{"rendered":"<p>Chilepunk.CL es un proyecto independiente que<br \/>\nbusca visibilizar la escena punk rock de Chile especialmente a las<br \/>\nbandas de regiones y provincias a trav\u00e9s de contenidos de calidad<br \/>\nperiod\u00edstica. La idea es que levantemos una comunidad entre todxs. Sin<br \/>\nembargo, este proyecto busca tambi\u00e9n ofrecer esta plataforma a la<br \/>\ndifusi\u00f3n de ideas disidentes, de contracultura y contrainformaci\u00f3n como<br \/>\noposici\u00f3n activa a los medios masivos y canales oficiales que<br \/>\ngeneralmente no nos representan. Vivimos tiempos complicados y<br \/>\nviolentos. Hoy m\u00e1s que antes, tenemos que agruparnos, cuidarnos,<br \/>\nprotegernos y muy especialmente, informarnos. <\/p>\n<p>Nos definimos como un medio de comunicaci\u00f3n alternativo e<br \/>\nindependiente, diverso, antifascista y multicultural. Bajo esas<br \/>\npremisas, abrimos la puerta a nuevas ideas y colaboraciones.<br \/>Un abrazo insurrecto a todxs.<\/p>\n<h3>Equipo Chilepunk.CL<\/h3>\n<p>\t\t\t\t\t\t\t\t\t\t<img decoding=\"async\" width=\"640\" height=\"640\" src=\"https:\/\/chilepunk.cl\/wp-content\/uploads\/2020\/09\/felipe.jpg\" alt=\"\" loading=\"lazy\" srcset=\"https:\/\/chilepunk.cl\/wp-content\/uploads\/2020\/09\/felipe.jpg 640w, https:\/\/chilepunk.cl\/wp-content\/uploads\/2020\/09\/felipe-300x300.jpg 300w, https:\/\/chilepunk.cl\/wp-content\/uploads\/2020\/09\/felipe-150x150.jpg 150w, https:\/\/chilepunk.cl\/wp-content\/uploads\/2020\/09\/felipe-600x600.jpg 600w, https:\/\/chilepunk.cl\/wp-content\/uploads\/2020\/09\/felipe-400x400.jpg 400w\" sizes=\"auto, (max-width: 640px) 100vw, 640px\" \/>\t\t\t\t\t\t\t\t\t\t\t<\/p>\n<p>Editor: Felipe G\u00f3mez G.<\/p>\n<p>Periodista r\u0335e\u0335h\u0335a\u0335b\u0335i\u0335l\u0335i\u0335t\u0335a\u0335d\u0335o\u0335 reincidente. <\/p>\n<p>felipe@chilepunk.cl<\/p>\n<p>\t\t\t\t\t\t\t\t\t\t<img decoding=\"async\" width=\"810\" height=\"810\" src=\"https:\/\/chilepunk.cl\/wp-content\/uploads\/2020\/11\/IMG-20201113-WA0005-1024x1024.jpg\" alt=\"\" loading=\"lazy\" srcset=\"https:\/\/chilepunk.cl\/wp-content\/uploads\/2020\/11\/IMG-20201113-WA0005-1024x1024.jpg 1024w, https:\/\/chilepunk.cl\/wp-content\/uploads\/2020\/11\/IMG-20201113-WA0005-300x300.jpg 300w, https:\/\/chilepunk.cl\/wp-content\/uploads\/2020\/11\/IMG-20201113-WA0005-150x150.jpg 150w, https:\/\/chilepunk.cl\/wp-content\/uploads\/2020\/11\/IMG-20201113-WA0005-768x768.jpg 768w, https:\/\/chilepunk.cl\/wp-content\/uploads\/2020\/11\/IMG-20201113-WA0005-600x600.jpg 600w, https:\/\/chilepunk.cl\/wp-content\/uploads\/2020\/11\/IMG-20201113-WA0005-400x400.jpg 400w, https:\/\/chilepunk.cl\/wp-content\/uploads\/2020\/11\/IMG-20201113-WA0005.jpg 1080w\" sizes=\"auto, (max-width: 810px) 100vw, 810px\" \/>\t\t\t\t\t\t\t\t\t\t\t<\/p>\n<p>Colaborador: Paulo G\u00e1lvez S.<\/p>\n<p>Dise\u00f1ador gr\u00e1fico, ilustrador, m\u00fasico y alter ego de Faulo Campbell. El de barba, no el gato.<\/p>\n<p>paulo@chilepunk.cl<\/p>\n<p>\t\t\t\t\t\t\t\t\t\t<img decoding=\"async\" width=\"480\" height=\"480\" src=\"https:\/\/chilepunk.cl\/wp-content\/uploads\/2020\/09\/sopalajo.gif\" alt=\"\" loading=\"lazy\" \/>\t\t\t\t\t\t\t\t\t\t\t<\/p>\n<p>Colaborador: Sopalajo de Arri\u00e9rez y Torrezno<\/p>\n<p>Escritor fantasma y traductor libre de textos desde Galia.<\/p>\n<p>contacto@chilepunk.cl<\/p>\n","protected":false},"excerpt":{"rendered":"<p>Chilepunk.CL es un proyecto independiente que busca visibilizar la escena punk rock de Chile especialmente a las bandas de regiones y provincias a trav\u00e9s de contenidos de calidad period\u00edstica. La idea es que levantemos una comunidad entre todxs. Sin embargo, este proyecto busca tambi\u00e9n ofrecer esta plataforma a la difusi\u00f3n de ideas disidentes, de contracultura&#8230; <\/p>\n<div class=\"link-more\"><a href=\"https:\/\/chilepunk.cl\/quienes-somos\/\">Leer art\u00edculo<\/a><\/div>\n","protected":false},"author":2,"featured_media":0,"parent":0,"menu_order":0,"comment_status":"closed","ping_status":"open","template":"","meta":{"episode_type":"","audio_file":"","podmotor_file_id":"","podmotor_episode_id":"","cover_image":"","cover_image_id":"","duration":"","filesize":"","filesize_raw":"","date_recorded":"","explicit":"","block":"","itunes_episode_number":"","itunes_title":"","itunes_season_number":"","itunes_episode_type":"","footnotes":""},"class_list":["post-2","page","type-page","status-publish","hentry"],"jetpack_sharing_enabled":true,"_links":{"self":[{"href":"https:\/\/chilepunk.cl\/wp-json\/wp\/v2\/pages\/2","targetHints":{"allow":["GET"]}}],"collection":[{"href":"https:\/\/chilepunk.cl\/wp-json\/wp\/v2\/pages"}],"about":[{"href":"https:\/\/chilepunk.cl\/wp-json\/wp\/v2\/types\/page"}],"author":[{"embeddable":true,"href":"https:\/\/chilepunk.cl\/wp-json\/wp\/v2\/users\/2"}],"replies":[{"embeddable":true,"href":"https:\/\/chilepunk.cl\/wp-json\/wp\/v2\/comments?post=2"}],"version-history":[{"count":10,"href":"https:\/\/chilepunk.cl\/wp-json\/wp\/v2\/pages\/2\/revisions"}],"predecessor-version":[{"id":1011,"href":"https:\/\/chilepunk.cl\/wp-json\/wp\/v2\/pages\/2\/revisions\/1011"}],"wp:attachment":[{"href":"https:\/\/chilepunk.cl\/wp-json\/wp\/v2\/media?parent=2"}],"curies":[{"name":"wp","href":"https:\/\/api.w.org\/{rel}","templated":true}]}}

Quiénes somos

<p>Chilepunk.CL es un proyecto independiente que<br />
busca visibilizar la escena punk rock de Chile especialmente a las<br />
bandas de regiones y provincias a través de contenidos de calidad<br />
periodística. La idea es que levantemos una comunidad entre todxs. Sin<br />
embargo, este proyecto busca también ofrecer esta plataforma a la<br />
difusión de ideas disidentes, de contracultura y contrainformación como<br />
oposición activa a los medios masivos y canales oficiales que<br />
generalmente no nos representan. Vivimos tiempos complicados y<br />
violentos. Hoy más que antes, tenemos que agruparnos, cuidarnos,<br />
protegernos y muy especialmente, informarnos. </p>
<p>Nos definimos como un medio de comunicación alternativo e<br />
independiente, diverso, antifascista y multicultural. Bajo esas<br />
premisas, abrimos la puerta a nuevas ideas y colaboraciones.<br />Un abrazo insurrecto a todxs.</p>
<h3>Equipo Chilepunk.CL</h3>
<p>										<img decoding="async" width="640" height="640" src="https://chilepunk.cl/wp-content/uploads/2020/09/felipe.jpg" alt="" loading="lazy" srcset="https://chilepunk.cl/wp-content/uploads/2020/09/felipe.jpg 640w, https://chilepunk.cl/wp-content/uploads/2020/09/felipe-300x300.jpg 300w, https://chilepunk.cl/wp-content/uploads/2020/09/felipe-150x150.jpg 150w, https://chilepunk.cl/wp-content/uploads/2020/09/felipe-600x600.jpg 600w, https://chilepunk.cl/wp-content/uploads/2020/09/felipe-400x400.jpg 400w" sizes="auto, (max-width: 640px) 100vw, 640px" />											</p>
<p>Editor: Felipe Gómez G.</p>
<p>Periodista r̵e̵h̵a̵b̵i̵l̵i̵t̵a̵d̵o̵ reincidente. </p>
<p>felipe@chilepunk.cl</p>
<p>										<img decoding="async" width="810" height="810" src="https://chilepunk.cl/wp-content/uploads/2020/11/IMG-20201113-WA0005-1024x1024.jpg" alt="" loading="lazy" srcset="https://chilepunk.cl/wp-content/uploads/2020/11/IMG-20201113-WA0005-1024x1024.jpg 1024w, https://chilepunk.cl/wp-content/uploads/2020/11/IMG-20201113-WA0005-300x300.jpg 300w, https://chilepunk.cl/wp-content/uploads/2020/11/IMG-20201113-WA0005-150x150.jpg 150w, https://chilepunk.cl/wp-content/uploads/2020/11/IMG-20201113-WA0005-768x768.jpg 768w, https://chilepunk.cl/wp-content/uploads/2020/11/IMG-20201113-WA0005-600x600.jpg 600w, https://chilepunk.cl/wp-content/uploads/2020/11/IMG-20201113-WA0005-400x400.jpg 400w, https://chilepunk.cl/wp-content/uploads/2020/11/IMG-20201113-WA0005.jpg 1080w" sizes="auto, (max-width: 810px) 100vw, 810px" />											</p>
<p>Colaborador: Paulo Gálvez S.</p>
<p>Diseñador gráfico, ilustrador, músico y alter ego de Faulo Campbell. El de barba, no el gato.</p>
<p>paulo@chilepunk.cl</p>
<p>										<img decoding="async" width="480" height="480" src="https://chilepunk.cl/wp-content/uploads/2020/09/sopalajo.gif" alt="" loading="lazy" />											</p>
<p>Colaborador: Sopalajo de Arriérez y Torrezno</p>
<p>Escritor fantasma y traductor libre de textos desde Galia.</p>
<p>contacto@chilepunk.cl</p>

<p>Chilepunk.CL es un proyecto independiente que busca visibilizar la escena punk rock de Chile especialmente a las bandas de regiones y provincias a través de contenidos de calidad periodística. La idea es que levantemos una comunidad entre todxs. Sin embargo, este proyecto busca también ofrecer esta plataforma a la difusión de ideas disidentes, de contracultura&#8230; </p>
<div class="link-more"><a href="https://chilepunk.cl/quienes-somos/">Leer artículo</a></div>
